{"id":18728,"date":"2026-01-04T14:40:46","date_gmt":"2026-01-04T11:40:46","guid":{"rendered":"https:\/\/panelpromosyon.com\/?product=6390-cok-fonksiyonlu-pense-17844"},"modified":"2026-05-15T18:28:17","modified_gmt":"2026-05-15T15:28:17","slug":"6390-cok-fonksiyonlu-pense-17844","status":"publish","type":"product","link":"https:\/\/panelpromosyon.com\/?product=6390-cok-fonksiyonlu-pense-17844","title":{"rendered":"6390 \u00c7ok Fonksiyonlu Pense"},"content":{"rendered":"<ul>\n<li> Ebat: 4.5 x10.5 cm A\u011f\u0131z: 10 Farkl\u0131+Tel Kesme\n<li> Tornavida Ucu: 9 Adet Materyal: Paslanmaz \u00c7elik\n<li> G\u00fcvenlik Kilidi: B\u00fct\u00fcn Aksamlarda K\u0131l\u0131f: \u00d6zel Bask\u0131: Lazer<\/li>\n<\/ul>\n","protected":false},"excerpt":{"rendered":"<p>Ebat: 4.5 x10.5 cm A\u011f\u0131z: 10 Farkl\u0131+Tel Kesme Tornavida Ucu: 9 Adet Materyal: Paslanmaz \u00c7elik G\u00fcvenlik Kilidi: B\u00fct\u00fcn Aksamlarda K\u0131l\u0131f: \u00d6zel Bask\u0131: Lazer<\/p>\n","protected":false},"featured_media":22236,"comment_status":"open","ping_status":"closed","template":"","meta":{"_monsterinsights_skip_tracking":false,"_monsterinsights_sitenote_active":false,"_monsterinsights_sitenote_note":"","_monsterinsights_sitenote_category":0},"product_brand":[],"product_cat":[212],"product_tag":[],"class_list":{"0":"post-18728","1":"product","2":"type-product","3":"status-publish","4":"has-post-thumbnail","6":"product_cat-arac-ve-gerecler-30","7":"pa_ie-nt-ebat-45-x-105-cm","8":"pa_ie-nt-kirmizi-urun-hayir","9":"pa_ie-nt-uretim-hayir","11":"first","12":"onbackorder","13":"taxable","14":"shipping-taxable","15":"purchasable","16":"product-type-simple"},"aioseo_notices":[],"_links":{"self":[{"href":"https:\/\/panelpromosyon.com\/index.php?rest_route=\/wp\/v2\/product\/18728","targetHints":{"allow":["GET"]}}],"collection":[{"href":"https:\/\/panelpromosyon.com\/index.php?rest_route=\/wp\/v2\/product"}],"about":[{"href":"https:\/\/panelpromosyon.com\/index.php?rest_route=\/wp\/v2\/types\/product"}],"replies":[{"embeddable":true,"href":"https:\/\/panelpromosyon.com\/index.php?rest_route=%2Fwp%2Fv2%2Fcomments&post=18728"}],"wp:featuredmedia":[{"embeddable":true,"href":"https:\/\/panelpromosyon.com\/index.php?rest_route=\/wp\/v2\/media\/22236"}],"wp:attachment":[{"href":"https:\/\/panelpromosyon.com\/index.php?rest_route=%2Fwp%2Fv2%2Fmedia&parent=18728"}],"wp:term":[{"taxonomy":"product_brand","embeddable":true,"href":"https:\/\/panelpromosyon.com\/index.php?rest_route=%2Fwp%2Fv2%2Fproduct_brand&post=18728"},{"taxonomy":"product_cat","embeddable":true,"href":"https:\/\/panelpromosyon.com\/index.php?rest_route=%2Fwp%2Fv2%2Fproduct_cat&post=18728"},{"taxonomy":"product_tag","embeddable":true,"href":"https:\/\/panelpromosyon.com\/index.php?rest_route=%2Fwp%2Fv2%2Fproduct_tag&post=18728"}],"curies":[{"name":"wp","href":"https:\/\/api.w.org\/{rel}","templated":true}]}}